 prime factors of 23522.
2, 19, 619
List the prime factors of 2985.
3, 5, 199
What are the prime factors of 56249?
56249
List the prime factors of 12.
2, 3
List the prime factors of 117.
3, 13
What are the prime factors of 330?
2, 3, 5, 11
List the prime factors of 30900.
2, 3, 5, 103
List the prime factors of 14849.
31, 479
List the prime factors of 5137.
11, 467
List the prime factors of 3931.
3931
What are the prime factors of 477?
3, 53
What are the prime factors of 2637?
3, 293
What are the prime factors of 8751?
3, 2917
What are the prime factors of 314?
2, 157
What are the prime factors of 28237?
11, 17, 151
List the prime factors of 650.
2, 5, 13
List the prime factors of 90.
2, 3, 5
What are the prime factors of 758?
2, 379
What are the prime factors of 2342?
2, 1171
List the prime factors of 38.
2, 19
What are the prime factors of 9013?
9013
What are the prime factors of 1448?
2, 181
List the prime factors of 49863.
3, 11, 1511
What are the prime factors of 213?
3, 71
List the prime factors of 3383.
17, 199
What are the prime factors of 73496?
2, 9187
What are the prime factors of 12312?
2, 3, 19
What are the prime factors of 9402?
2, 3, 1567
What are the prime factors of 7310?
2, 5, 17, 43
What are the prime factors of 12494?
2, 6247
List the prime factors of 704.
2, 11
List the prime factors of 89327.
7, 1823
What are the prime factors of 4160?
2, 5, 13
What are the prime factors of 27031?
27031
List the prime factors of 9747.
3, 19
What are the prime factors of 1040?
2, 5, 13
What are the prime factors of 14541?
3, 37, 131
What are the prime factors of 67182?
2, 3, 11197
What are the prime factors of 6534?
2, 3, 11
What are the prime factors of 37675?
5, 11, 137
List the prime factors of 40597.
40597
List the prime factors of 21122.
2, 59, 179
What are the prime factors of 5362?
2, 7, 383
What are the prime factors of 57650?
2, 5, 1153
List the prime factors of 819.
3, 7, 13
List the prime factors of 16830.
2, 3, 5, 11, 17
List the prime factors of 1672.
2, 11, 19
What are the prime factors of 2300?
2, 5, 23
What are the prime factors of 6692?
2, 7, 239
List the prime factors of 1046.
2, 523
What are the prime factors of 213?
3, 71
What are the prime factors of 15404?
2, 3851
What are the prime factors of 559?
13, 43
List the prime factors of 714.
2, 3, 7, 17
List the prime factors of 12811.
23, 557
What are the prime factors of 7077?
3, 7, 337
What are the prime factors of 2471?
7, 353
List the prime factors of 29314.
2, 14657
List the prime factors of 100429.
7, 14347
What are the prime factors of 2097?
3, 233
What are the prime factors of 390?
2, 3, 5, 13
List the prime factors of 44427.
3, 59, 251
List the prime factors of 21309.
3, 7103
List the prime factors of 501.
3, 167
What are the prime factors of 3400?
2, 5, 17
What are the prime factors of 49674?
2, 3, 17, 487
List the prime factors of 14028.
2, 3, 7, 167
What are the prime factors of 3555?
3, 5, 79
List the prime factors of 201.
3, 67
What are the prime factors of 7000?
2, 5, 7
What are the prime factors of 2708?
2, 677
List the prime factors of 153.
3, 17
What are the prime factors of 4091?
4091
List the prime factors of 800.
2, 5
What are the prime factors of 5995?
5, 11, 109
List the prime factors of 2378.
2, 29, 41
List the prime factors of 1205.
5, 241
What are the prime factors of 117409?
137, 857
List the prime factors of 9756.
2, 3, 271
List the prime factors of 1948.
2, 487
What are the prime factors of 594?
2, 3, 11
What are the prime factors of 3885?
3, 5, 7, 37
List the prime factors of 8656.
2, 541
What are the prime factors of 4679?
4679
List the prime factors of 108453.
3, 36151
List the prime factors of 549.
3, 61
What are the prime factors of 4756?
2, 29, 41
What are the prime factors of 8523?
3, 947
What are the prime factors of 595?
5, 7, 17
What are the prime factors of 13564?
2, 3391
List the prime factors of 6016.
2, 47
What are the prime factors of 10897?
17, 641
List the prime factors of 3355.
5, 11, 61
List the prime factors of 2003.
2003
List the prime factors of 1943.
29, 67
What are the prime factors of 244?
2, 61
List the prime factors of 35178.
2, 3, 11, 13, 41
List the prime factors of 1633.
23, 71
What are the prime factors of 681?
3, 227
What are the prime factors of 2322?
2, 3, 43
List the prime factors of 5126.
2, 11, 233
What are the prime factors of 71193?
3, 19, 1249
List the prime factors of 3543.
3, 1181
What are the prime factors of 97326?
2, 3, 5407
What are the prime factors of 11148?
2, 3, 929
What are the prime factors of 22711?
13, 1747
List the prime factors of 1823.
1823
What are the prime factors of 9992?
2, 1249
What are the prime factors of 939?
3, 313
What are the prime factors of 4451?
4451
List the prime factors of 4822.
2, 2411
List the prime factors of 8478.
2, 3, 157
List the prime factors of 5132.
2, 1283
List the prime factors of 25607.
29, 883
List the prime factors of 695.
5, 139
List the prime factors of 1313.
13, 101
What are the prime factors of 417?
3, 139
List the prime factors of 1634.
2, 19, 43
List the prime factors of 1764.
2, 3, 7
List the prime factors of 765.
3, 5, 17
List the prime factors of 20439.
3, 757
What are the prime factors of 1715?
5, 7
What are the prime factors of 236?
2, 59
What are the prime factors of 6965?
5, 7, 199
What are the prime factors of 4775?
5, 191
List the prime factors of 911.
911
What are the prime factors of 51264?
2, 3, 89
What are the prime factors of 1114?
2, 557
What are the prime factors of 1628?
2, 11, 37
What are the prime factors of 10585?
5, 29, 73
What are the prime factors of 8036?
2, 7, 41
What are the prime factors of 990?
2, 3, 5, 11
List the prime factors of 179264.
2, 2801
List the prime factors of 13050.
2, 3, 5, 29
List the prime factors of 83152.
2, 5197
List the prime factors of 193.
193
What are the prime factors of 3270?
2, 3, 5, 109
What are the prime factors of 26509?
7, 541
What are the prime factors of 5041?
71
What are the prime factors of 68306?
2, 7, 17, 41
What are the prime factors of 978?
2, 3, 163
List the prime factors of 411.
3, 137
What are the prime factors of 82644?
2, 3, 71, 97
What are the prime factors of 80202?
2, 3, 13367
List the prime factors of 505.
5, 101
List the prime factors of 695.
5, 139
List the prime factors of 41601.
3, 7, 283
List the prime factors of 129822.
2, 3, 7, 11, 281
What are the prime factors of 12931?
67, 193
List the prime factors of 7830.
2, 3, 5, 29
List the prime factors of 8297.
8297
What are the prime factors of 5393?
5393
List the prime factors of 5347.
5347
List the prime factors of 13128.
2, 3, 547
List the prime factors of 69637.
83, 839
List the prime factors of 4245.
3, 5, 283
What are the prime factors of 2584?
2, 17, 19
List the prime factors of 760.
2, 5, 19
What are the prime factors of 1177?
11, 107
List the prime factors of 4627.
7, 661
List the prime factors of 7267.
13, 43
List the prime factors of 23051.
7, 37, 89
What are the prime factors of 1159?
19, 61
What are the prime factors of 187?
11, 17
List the prime factors of 3676.
2, 919
What are the prime factors of 62335?
5, 7, 13, 137
What are the prime factors of 3825?
3, 5, 17
List the prime factors of 26205.
3, 5, 1747
What are the prime factors of 2001?
3, 23, 29
List the prime factors of 34988.
2, 8747
List the prime factors of 3120.
2, 3, 5, 13
What are the prime factors of 75249?
3, 929
List the prime factors of 28703.
28703
What are the prime factors of 5781?
3, 41, 47
List the prime factors of 280.
2, 5, 7
What are the prime factors of 6627?
3, 47
List the prime factors of 18760.
2, 5, 7, 67
List the prime factors of 198669.
3, 47, 1409
What are the prime factors of 68?
2, 17
List the prime factors of 7189.
7, 13, 79
List the prime factors of 289.
17
List the prime factors of 2606.
2, 1303
What are the prime factors of 6807?
3, 2269
List the prime factors of 13091.
13, 19, 53
What are the prime factors of 6822?
2, 3, 379
List the prime factors of 750.
2, 3, 5
What are the prime factors of 103756?
2, 25939
What are the prime factors of 20075?
5, 11, 73
What are the prime factors of 38765?
5, 7753
What are the prime factors of 912?
2, 3, 19
List the prime factors of 99540.
2, 3, 5, 7, 79
List the prime factors of 43